{"id":235,"date":"2021-01-20T11:32:56","date_gmt":"2021-01-20T11:32:56","guid":{"rendered":"http:\/\/www.matkastudio.fi\/mall_of_matkastudio\/?post_type=product&#038;p=235"},"modified":"2021-01-20T11:38:45","modified_gmt":"2021-01-20T11:38:45","slug":"juurakko-yhdeksas-talvi-the-ninth-winter","status":"publish","type":"product","link":"https:\/\/www.matkastudio.fi\/mall_of_matkastudio\/tuote\/juurakko-yhdeksas-talvi-the-ninth-winter\/","title":{"rendered":"Juurakko: Yhdeks\u00e4s talvi \u2013 The Ninth Winter"},"content":{"rendered":"<p><span style=\"font-size: 11.0pt;\">Juurakko-yhtyeen kolmas albumi Yhdeks\u00e4s talvi julkaistiin 3.12.2019.<br \/>\nYhdeks\u00e4s talvi on t\u00e4sm\u00e4l\u00e4\u00e4kett\u00e4 harmauteen ja pime\u00e4\u00e4n vuodenaikaan. Levy on teemallinen kokonaisuus talvesta ja kaamoksesta, hehkuviinist\u00e4 ja takkatulesta, p\u00e4iv\u00e4tt\u00f6m\u00e4st\u00e4 p\u00e4iv\u00e4st\u00e4 ja loskasta. Yhdeks\u00e4s talvi -levyll\u00e4 Juurakko ottaa ilon irti erityisest\u00e4 soittimistostaan improvisoiden ja leikitellen. Kanteleilla on tilaa irrotella, k\u00e4ytt\u00f6esineet soivat omintakeisina ly\u00f6m\u00e4soittimina jouhikon, harmoonin ja kitaroiden rinnalla, eik\u00e4 lauluvoimasta tingit\u00e4. Levyll\u00e4 kuuluu tanssirytmej\u00e4 hambosta sottiisiin ja s\u00e4vyj\u00e4 bluesista laulelmaan. Juurakon s\u00e4vellykset ovat tuokiokuvia kaamosaikaan sijoittuvista hetkist\u00e4: synk\u00e4st\u00e4 ja ik\u00e4v\u00e4st\u00e4 marraskuusta, valon odotuksesta ja j\u00e4iden l\u00e4hd\u00f6st\u00e4. Levy tempaa kuulijan mukaan talven juhliin, joissa sy\u00f6d\u00e4\u00e4n, juodaan, soitetaan ja lauletaan.<\/span><\/p>\n<p><span style=\"font-size: 11.0pt;\">Levyn ensimm\u00e4inen single R\u00e4nt\u00e4\u00e4, hyhm\u00e4\u00e4 noteerattiin Radio Suomen Levylautakunnassa viikon parhaaksi 19.10.19.<\/span><\/p>\n<p><span style=\"font-size: 11.0pt;\">Laura Kaartinen laulu, matkaharmoni, ly\u00f6m\u00e4soittimet<br \/>\nEija Kankaanranta konserttikantele, 15-kielinen kantele<br \/>\nKaisa Saarikorpi laulu, guitalele, banjo, sikarilaatikkokitara, ly\u00f6m\u00e4soittimet<br \/>\nMinsku Tammela laulu, jouhikko, kampa, ly\u00f6m\u00e4soittimet<br \/>\nAnna Wiksten laulu, plankku, ly\u00f6m\u00e4soittimet<\/span><\/p>\n<p><em><span style=\"font-size: 11.0pt;\">Syksy vanhenee \/ Kylm\u00e4n tytti \/ Koska meill\u2019 on joulu? \/ Neilikka, inkiv\u00e4\u00e4ri, kaneli \/ Joulu Skattalla \/ Soita sormii napsuttele \/ Tulikettu, kultah\u00e4nt\u00e4 \/ Laulu Titanicin haaksirikosta \/ R\u00e4nt\u00e4\u00e4, hyhm\u00e4\u00e4 <\/span><\/em><\/p>\n<p><span style=\"font-size: 11.0pt;\">Julkaisija: IMU &#8211; Inkoon Musiikki (2019)<\/span><\/p>\n","protected":false},"excerpt":{"rendered":"<p>Juurakko: Yhdeks\u00e4s talvi \u2013 The Ninth Winter<\/p>\n<p>Koodi: IMU-CD 193<br \/>\nJulkaisuvuosi: 2019<br \/>\nTuotteen tyyppi: CD<\/p>\n","protected":false},"featured_media":232,"template":"","meta":{"zakra_page_container_layout":"customizer","zakra_page_sidebar_layout":"customizer","zakra_remove_content_margin":false,"zakra_sidebar":"customizer","zakra_transparent_header":"customizer","zakra_logo":0,"zakra_main_header_style":"default","zakra_menu_item_color":"","zakra_menu_item_hover_color":"","zakra_menu_item_active_color":"","zakra_menu_active_style":"","zakra_page_header":true},"product_brand":[],"product_cat":[31],"product_tag":[],"class_list":{"0":"post-235","1":"product","2":"type-product","3":"status-publish","4":"has-post-thumbnail","6":"product_cat-levykauppa","8":"first","9":"instock","10":"taxable","11":"shipping-taxable","12":"purchasable","13":"product-type-simple"},"_links":{"self":[{"href":"https:\/\/www.matkastudio.fi\/mall_of_matkastudio\/wp-json\/wp\/v2\/product\/235","targetHints":{"allow":["GET"]}}],"collection":[{"href":"https:\/\/www.matkastudio.fi\/mall_of_matkastudio\/wp-json\/wp\/v2\/product"}],"about":[{"href":"https:\/\/www.matkastudio.fi\/mall_of_matkastudio\/wp-json\/wp\/v2\/types\/product"}],"wp:featuredmedia":[{"embeddable":true,"href":"https:\/\/www.matkastudio.fi\/mall_of_matkastudio\/wp-json\/wp\/v2\/media\/232"}],"wp:attachment":[{"href":"https:\/\/www.matkastudio.fi\/mall_of_matkastudio\/wp-json\/wp\/v2\/media?parent=235"}],"wp:term":[{"taxonomy":"product_brand","embeddable":true,"href":"https:\/\/www.matkastudio.fi\/mall_of_matkastudio\/wp-json\/wp\/v2\/product_brand?post=235"},{"taxonomy":"product_cat","embeddable":true,"href":"https:\/\/www.matkastudio.fi\/mall_of_matkastudio\/wp-json\/wp\/v2\/product_cat?post=235"},{"taxonomy":"product_tag","embeddable":true,"href":"https:\/\/www.matkastudio.fi\/mall_of_matkastudio\/wp-json\/wp\/v2\/product_tag?post=235"}],"curies":[{"name":"wp","href":"https:\/\/api.w.org\/{rel}","templated":true}]}}