{"id":875,"date":"2025-05-28T17:39:36","date_gmt":"2025-05-28T14:39:36","guid":{"rendered":"https:\/\/www.matkastudio.fi\/mall_of_matkastudio\/?post_type=product&#038;p=875"},"modified":"2025-05-28T17:42:46","modified_gmt":"2025-05-28T14:42:46","slug":"okra-playground-aaneni-yli-vesien-cd","status":"publish","type":"product","link":"https:\/\/www.matkastudio.fi\/mall_of_matkastudio\/tuote\/okra-playground-aaneni-yli-vesien-cd\/","title":{"rendered":"Okra Playground: \u00c4\u00e4neni Yli Vesien CD"},"content":{"rendered":"<p>\u00c4\u00e4neni Yli Vesien (2018)<\/p>\n<p>1. Kev\u00e4t \/ Springtime<br \/>\nmusic Veikko Muikku &#038; Maija Kauhanen<br \/>\nlyrics Maija Kauhanen \/ trad.<\/p>\n<p>2. Kuun ajo \/ Chasing the Moon<br \/>\nmusic P\u00e4ivi Hirvonen<br \/>\nlyrics P\u00e4ivi Hirvonen \/ trad<\/p>\n<p>3. \u00c4\u00e4neni yli vesien \/ My Voice Over the Water<br \/>\nmusic P\u00e4ivi Hirvonen<br \/>\nlyrics P\u00e4ivi Hirvonen \/ Essi Muikku \/ trad. Kanteletar<\/p>\n<p>4. Ilo ilolta tuntuu \/ Joy Feels Like Joy<br \/>\nmusic Essi Muikku &#038; Veikko Muikku<br \/>\nlyrics trad.<\/p>\n<p>5. Juoruaja  \/ The Gossipmonger<br \/>\nmusic Maija Kauhanen &#038; Veikko Muikku<br \/>\nlyrics Maija Kauhanen \/ trad.<\/p>\n<p>6. Kokkolintu  \/ The Giant Eagle<br \/>\nmusic Veikko Muikku &#038; P\u00e4ivi Hirvonen<br \/>\nlyrics Maija Kauhanen \/ trad.<\/p>\n<p>7. Viinavilli \/ Roaring Drunkard<br \/>\nmusic P\u00e4ivi Hirvonen<br \/>\nlyrics P\u00e4ivi Hirvonen \/ trad.<\/p>\n<p>8. Yhdeks\u00e4n kuuta  \/ Nine Moons<br \/>\nmusic P\u00e4ivi Hirvonen<br \/>\nlyrics Maija Kauhanen \/ Essi Muikku \/ trad.<\/p>\n<p>9. Kolme kaunista  \/ The Three Beauties<br \/>\nmusic Maija Kauhanen &#038; Veikko Muikku<br \/>\nlyrics Maija Kauhanen<\/p>\n<p>10. Rautasuu \/ Steed of Sorrow<br \/>\nmusic Veikko Muikku &#038; Essi Muikku<br \/>\nlyrics trad.<\/p>\n<p>All music arranged by Okra Playground and Sami Kurppa<br \/>\nProduced and recorded by Sami Kurppa<br \/>\nRecorded and mixed by Joonas Saikkonen<br \/>\nMastered by Jaakko Viital\u00e4hde at Virtal\u00e4hde Mastering<br \/>\nReleased by Nordic Notes (NN105) 2018<\/p>\n","protected":false},"excerpt":{"rendered":"<p>Okra Playground \u00c4\u00c4NENI YLI VESIEN &#8211; CD<\/p>\n<p>Released by Nordic Notes (NN105) 2018<\/p>\n","protected":false},"featured_media":876,"template":"","meta":{"zakra_page_container_layout":"customizer","zakra_page_sidebar_layout":"customizer","zakra_remove_content_margin":false,"zakra_sidebar":"customizer","zakra_transparent_header":"customizer","zakra_logo":0,"zakra_main_header_style":"default","zakra_menu_item_color":"","zakra_menu_item_hover_color":"","zakra_menu_item_active_color":"","zakra_menu_active_style":"","zakra_page_header":true},"product_brand":[],"product_cat":[31],"product_tag":[],"class_list":{"0":"post-875","1":"product","2":"type-product","3":"status-publish","4":"has-post-thumbnail","6":"product_cat-levykauppa","8":"first","9":"instock","10":"taxable","11":"shipping-taxable","12":"purchasable","13":"product-type-simple"},"_links":{"self":[{"href":"https:\/\/www.matkastudio.fi\/mall_of_matkastudio\/wp-json\/wp\/v2\/product\/875","targetHints":{"allow":["GET"]}}],"collection":[{"href":"https:\/\/www.matkastudio.fi\/mall_of_matkastudio\/wp-json\/wp\/v2\/product"}],"about":[{"href":"https:\/\/www.matkastudio.fi\/mall_of_matkastudio\/wp-json\/wp\/v2\/types\/product"}],"wp:featuredmedia":[{"embeddable":true,"href":"https:\/\/www.matkastudio.fi\/mall_of_matkastudio\/wp-json\/wp\/v2\/media\/876"}],"wp:attachment":[{"href":"https:\/\/www.matkastudio.fi\/mall_of_matkastudio\/wp-json\/wp\/v2\/media?parent=875"}],"wp:term":[{"taxonomy":"product_brand","embeddable":true,"href":"https:\/\/www.matkastudio.fi\/mall_of_matkastudio\/wp-json\/wp\/v2\/product_brand?post=875"},{"taxonomy":"product_cat","embeddable":true,"href":"https:\/\/www.matkastudio.fi\/mall_of_matkastudio\/wp-json\/wp\/v2\/product_cat?post=875"},{"taxonomy":"product_tag","embeddable":true,"href":"https:\/\/www.matkastudio.fi\/mall_of_matkastudio\/wp-json\/wp\/v2\/product_tag?post=875"}],"curies":[{"name":"wp","href":"https:\/\/api.w.org\/{rel}","templated":true}]}}